33 a composite number?
False
Is 532093 a composite number?
False
Is 10727 prime?
False
Is 63241 composite?
False
Is 1146037 prime?
True
Is 154753 composite?
False
Is 720343 a composite number?
True
Is 55763 a composite number?
False
Is 240319 a prime number?
True
Is 980302 a composite number?
True
Is 4855 a composite number?
True
Is 69313 composite?
False
Is 690869 a prime number?
True
Is 287977 composite?
False
Is 101681 composite?
False
Is 4475977 composite?
True
Is 99949 composite?
True
Is 34187 a prime number?
False
Is 6247 composite?
False
Is 154549 prime?
False
Is 36349 composite?
True
Is 1687729 prime?
True
Is 13274 prime?
False
Is 1401061 a prime number?
False
Is 26747 a composite number?
True
Is 235058 prime?
False
Is 4271 a prime number?
True
Is 8899 a prime number?
False
Is 306457 composite?
False
Is 457021 a prime number?
True
Is 18019 prime?
False
Is 7451 a composite number?
False
Is 8383 prime?
False
Is 1593299 a composite number?
False
Is 208111 a composite number?
False
Is 115 a composite number?
True
Is 733 a composite number?
False
Is 6163 prime?
True
Is 39541 composite?
False
Is 33433 a composite number?
True
Is 166433 a prime number?
False
Is 185 prime?
False
Is 26527 prime?
False
Is 8351 a prime number?
False
Is 175793 composite?
True
Is 786581 composite?
True
Is 54869 composite?
False
Is 73841 composite?
True
Is 21001 prime?
True
Is 30482 prime?
False
Is 40423 composite?
False
Is 212467 a composite number?
False
Is 14633 a composite number?
False
Is 37307 a composite number?
False
Is 11861 a prime number?
False
Is 48179 prime?
True
Is 34721 a composite number?
False
Is 154619 prime?
True
Is 1954 prime?
False
Is 134 prime?
False
Is 774199 prime?
True
Is 136282 prime?
False
Is 57391 a prime number?
False
Is 80169 composite?
True
Is 13229 a prime number?
True
Is 6469 a composite number?
False
Is 4947949 composite?
False
Is 23093 composite?
True
Is 1003 composite?
True
Is 201547 a composite number?
False
Is 87251 prime?
True
Is 73417 a prime number?
True
Is 167513 prime?
False
Is 60943 a composite number?
False
Is 94769 composite?
True
Is 18577 composite?
True
Is 48109 composite?
False
Is 24943 a prime number?
True
Is 11441 composite?
True
Is 32537 a prime number?
True
Is 24571 a prime number?
True
Is 84761 a prime number?
True
Is 22339 composite?
True
Is 35267 prime?
True
Is 51959 a prime number?
False
Is 1390361 prime?
False
Is 1385 a composite number?
True
Is 1909 prime?
False
Is 2406919 a prime number?
True
Is 8203 composite?
True
Is 8717 a prime number?
False
Is 2101 a prime number?
False
Is 11929 a composite number?
True
Is 476261 a composite number?
True
Is 583969 prime?
True
Is 302711 composite?
False
Is 2419 prime?
False
Is 32531 prime?
True
Is 1809109 a prime number?
False
Is 1709 prime?
True
Is 72599 composite?
True
Is 213269 a composite number?
True
Is 292751 a composite number?
True
Is 33149 prime?
True
Is 9277 a prime number?
True
Is 869 a prime number?
False
Is 514229 prime?
True
Is 33323 a composite number?
True
Is 114997 a prime number?
True
Is 1142521 prime?
False
Is 86677 a prime number?
True
Is 119489 a composite number?
False
Is 8459 a composite number?
True
Is 3961 prime?
False
Is 1393 a prime number?
False
Is 346277 prime?
True
Is 53969 composite?
True
Is 165619 prime?
False
Is 334319 prime?
True
Is 866569 prime?
False
Is 107441 a prime number?
True
Is 43547 composite?
True
Is 133481 a composite number?
False
Is 3037 prime?
True
Is 3847 composite?
False
Is 54709 a composite number?
False
Is 43469 prime?
False
Is 75479 a composite number?
False
Is 12323 a prime number?
True
Is 32329 a composite number?
True
Is 251 prime?
True
Is 9671 a prime number?
False
Is 4547 prime?
True
Is 40913 composite?
True
Is 85471 a prime number?
False
Is 619271 a prime number?
False
Is 30779 a composite number?
True
Is 758639 prime?
False
Is 49663 a prime number?
True
Is 701 prime?
True
Is 135803 a prime number?
False
Is 18463 composite?
True
Is 7427 a prime number?
False
Is 245251 a prime number?
True
Is 16181 a composite number?
True
Is 39085 a composite number?
True
Is 124517 composite?
True
Is 2095279 a prime number?
False
Is 979 prime?
False
Is 15497 composite?
False
Is 18803 composite?
False
Is 72047 prime?
True
Is 102257 a composite number?
True
Is 28201 composite?
False
Is 169817 a prime number?
True
Is 63373 prime?
False
Is 1451777 prime?
False
Is 24631 prime?
True
Is 17467 prime?
True
Is 5549 a composite number?
True
Is 8279 prime?
False
Is 4247 a prime number?
False
Is 120229 a prime number?
False
Is 5563 composite?
False
Is 5515 prime?
False
Is 13607 a composite number?
True
Is 273817 a composite number?
True
Is 5979 composite?
True
Is 296129 composite?
False
Is 21587 a prime number?
True
Is 20389 a composite number?
False
Is 96643 prime?
True
Is 224591 prime?
True
Is 13241 prime?
True
Is 191 a composite number?
False
Is 395315 prime?
False
Is 337583 prime?
True
Is 15157 a composite number?
True
Is 7279 composite?
True
Is 442601 a composite number?
False
Is 877601 a prime number?
True
Is 22054 prime?
False
Is 297326 a prime number?
False
Is 1951949 composite?
False
Is 25961 a composite number?
True
Is 117677 composite?
True
Is 1008317 a composite number?
False
Is 498643 composite?
False
Is 430531 composite?
True
Is 6677 prime?
False
Is 29201 composite?
False
Is 35149 a composite number?
False
Is 4391 prime?
True
Is 40277 prime?
True
Is 277945 composite?
True
Is 6127 prime?
False
Is 13235 prime?
False
Is 10369 a prime number?
True
Is 10493 composite?
True
Is 7647 composite?
True
Is 2021 prime?
False
Is 1801115 a prime number?
False
Is 148987 a composite number?
True
Is 5189 prime?
True
Is 89261 composite?
False
Is 176333 prime?
True
Is 33961 prime?
True
Is 382178 prime?
False
Is 127529 prime?
True
Is 5297 composite?
False
Is 217 a composite number?
True
Is 63197 a prime number?
True
Is 22343 composite?
False
Is 27785 prime?
False
Is 94631 a prime number?
False
Is 2213 prime?
True
Is 43997 prime?
True
Is 251105 a composite number?
True
Is 18743 composite?
False
Is 3433 composite?
False
Is 77509 a composite number?
False
Is 1785143 composite?
False
Is 4721 a composite number?
False
Is 117229 prime?
False
Is 184373 prime?
False
Is 250433 a composite number?
False
Is 492265 a composite number?
True
Is 30949 composite?
False
Is 111143 a prime number?
True
Is 4303 a composite number?
True
Is 24907 prime?
True
Is 17219 a prime number?
False
Is 386887 a prime number?
True
Is 10063 a prime number?
False
Is 24943 a prime number?
True
Is 278543 prime?
True
Is 41421 prime?
False
Is 114479 a composite number?
False
Is 15545 prime?
False
Is 1782073 a composite number?
True
Is 318859 a composite number?
True
Is 493 a prime number?
False
Is 2099 a composite number?
False
Is 11731 composite?
False
Is 174419 a composite number?
True
Is 131561 a prime number?
True
Is 223607 composite?
True
Is 260441 prime?
True
Is 316517 prime?
False
Is 1222717 composite?
False
Is 289798 a composite number?
True
Is 157 composite?
False
Is 7981 a prime number?
False
Is 14851 composite?
False
Is 12881 composite?
True
Is 10154 composite?
True
Is 59198 a prime number?
False
Is 1430989 composite?
True
Is 529833 a prime number?
False
Is 93131 a composite number?
False
Is 1843 a composite number?
True
Is 60859 a composite number?
False
Is 215889 a prime number?
False
Is 4861 a composite number?
False
Is 1011221 a prime number?
True
Is 77081 a prime number?
True
Is 7159 a composite number?
False
Is 32903 a prime number?
False
Is 16081 prime?
False
Is 21427 a composite number?
True
Is 3271 composite?
False
Is 16811 a prime number?
True
Is 2260421 a composite number?
False
Is 537769 a composite number?
False
Is 3761 a prime number?
True
Is 322379 a composite number?
True
Is 1361 prime?
True
Is 10247 a composite number?
False
Is 532081 prime?
False
Is 2159 prime?
False
Is 1029403 composite?
False
Is 1094 prime?
False
Is 12539 prime?
True
Is 526853 prime?
True
Is 17033 a composite number?
False
Is 10993 a composite number?
False
Is 435397 a composite number?
False
Is 20431 composite?
False
Is 22601 a prime number?
False
Is 172801 a composite number?
False
Is 40163 a prime number?
True
Is 331022 a composite number?
True
Is 2026361 composite?
False
Is 5579 pr